17 - (-54 - -52)) + -7 + 1 + -1
-22
Calculate 22 + (9 - 8 - (-2 - 1) - 12).
14
What is the value of (16 - (-3 - -11)) + (-6 - 0) - -13?
15
Evaluate -2 - (2 + (11 - (-4 - -13))).
-6
Evaluate (-3 - -2 - (-16 - -22)) + 11.
4
What is the value of 72 + -92 - (-1 - 17)?
-2
Evaluate 3 - ((-1 - (2 - 1)) + (431 - 432)).
6
Evaluate 5 + 4 + -3 + -8 + -9 - -3.
-8
What is the value of -6 + (9 - (3 + -1)) - (-10 + 1)?
10
Evaluate -12 - (-23 - (21 - 26)) - (1 - -4).
1
What is the value of (2 - -2) + (65 - 75)?
-6
Calculate -3 + (0 + (1 - 4) - -13 - -4).
11
What is (21 - -10 - 15 - 14) + 1 + -33?
-30
Calculate (-3 - 4) + 4 - (-13 + 2 - 3).
11
Calculate 5 - ((-21 - -8) + 51).
-33
What is the value of 117 + -129 - (0 - 0)?
-12
What is -19 + (30 - 40 - -30)?
1
Calculate (-32 + 49 - 9) + 19.
27
-17 + (22 - 4) + (-5 - (-2 - 0))
-2
Evaluate 19 - (2 + -2 + 6 - (-50 - -52)).
15
Evaluate (-5 - (0 - (-4 - -16))) + 6 + -5.
8
Calculate -12 + 26 + (10 - 22).
2
14 + -18 - -18 - 15
-1
What is the value of 20 - (1 + -21 + 13 - -14)?
13
Calculate -8 + (4 - (-26 + (-1 - -8))).
15
What is the value of 9 + 3 + -21 + 9 - (7 + 1)?
-8
Calculate (1 - -41 - 37) + (-3 - 1) + 1.
2
Evaluate -1 - -14 - 14 - -3.
2
What is (3 - 22) + 0 + 41?
22
(-3 + 6 - -4) + -4 + -15 + -3
-15
Calculate -23 - 22 - -13 - -17.
-15
What is the value of -2 - ((16 - (-14 + 29)) + -17)?
14
Evaluate -1 + -18 + -2 + (3 + -6 - -9).
-15
Calculate 12 - (0 + 5 + 5 + -2).
4
0 + -23 + (235 - 195)
17
What is -21 + 46 + -28 - 1?
-4
Calculate 3 - ((1 - 4) + 28).
-22
What is (-14 - -28) + 0 + 4 + 12?
30
Calculate 0 + (-9 - 0) + (-35 - -50 - 11).
-5
Calculate -2 - (0 + (7 - 6)).
-3
Calculate -6 + 2 + -5 - -13 - 17.
-13
What is (10 - -3) + -20 + (10 - 1)?
2
What is the value of (3 - 9) + -15 + 10 + 13?
2
-15 + (-14 - (-13 - 15)) - -1
0
Calculate -8 - 2 - (15 - 18) - (-10 - 0).
3
4 + 8 + -7 + -7 + -1
-3
-2 - 1 - -10 - -16
23
What is -2 + (2 - 3) + (509 - 510)?
-4
What is the value of 3 + (-62 - -66 - (-1 + -1)) + 26?
35
Evaluate -2 - 44 - (1215 + -1258).
-3
What is (0 - 2) + 1 + 5 + -6?
-2
Evaluate -7 + 3 + (-6 - -5) + (2 - -13).
10
Evaluate -10 + (0 - -5) + 6 + -13 + 8.
-4
Evaluate -3 - (19 - 11) - 18 - (4 + 1).
-34
7 + 13 + -15 - 11
-6
Evaluate 3 - (12 - 12 - 9).
12
What is 8 + (-28 - -14 - -7)?
1
3 + -12 + (5 - 3) + 13
6
What is (0 - (-6 - -1)) + -8 + (0 - 5)?
-8
Evaluate (-1 - -2 - 14) + (1368 - 1355).
0
What is the value of 4 + (2 - 12 - (10 - 17 - -7))?
-6
What is (4 - (11 + 0)) + 6 - (5 + 0)?
-6
Evaluate 10 + (-7 - ((-6 - 6) + 6)).
9
Evaluate 2 + -3 + (-4 - (7 + -10 + 3)).
-5
Calculate (437 - 433) + (-2 - -1 - -2).
5
What is the value of (-16 - 0) + 39 - 41?
-18
Evaluate ((12 - 6) + -7 - -3) + -1 + 21.
22
What is the value of 8 + -12 + 3 + -2 + (-1 - -12)?
8
What is -23 + 4 + -11 + 36?
6
What is -9 + 5 + 12 + -14 + 3 + 0?
-3
What is the value of 6 + -7 + -5 + (2 - 8 - -2)?
-10
Evaluate 7 + -2 - (-44 + 43 + 28).
-22
Calculate 22 - (-1 - -21) - (-21 + -1).
24
Evaluate -16 + 16 + (7 - 4 - 7) + 1.
-3
What is the value of 11 + (-3 + (28 - -11) - (10 + -1))?
38
11 + (-9 - -14) + -11 + -4
1
-4 + (-3 - -21) + -2 + -3
9
-77 + 66 - (-3 - (-2 - -1))
-9
Evaluate (50 - 15) + -66 + 15.
-16
What is (-3 - ((0 - 7) + -18 + 13)) + -3?
6
Calculate -7 - (2 + -12 + -1).
4
What is the value of 5 + 22 + -12 + -20 - -9?
4
What is 9 - 6 - 5 - -11?
9
What is the value of (-1 - -16 - -1) + (441 - 449)?
8
What is 8 + -3 + -4 + (-5 - -3)?
-1
Evaluate -1559 + 1579 + 0 + 6 + -1.
25
Calculate -474 + 476 - (12 - -1).
-11
Calculate -16 + (20 - 7) - 10.
-13
Calculate -13 + (-18 - -13) - -2.
-16
Calculate -4 + 11 + (-7 - (9 + -10)) + -10.
-9
Evaluate 16 + (-8 - 3) + -3.
2
Evaluate 6 - 2 - (14 + (0 + -14 - 3)).
7
What is -433 + 435 + (0 - -2 - (0 - 1))?
5
What is (-3 - -2 - 8) + -11 + 13?
-7
What is the value of (12 - 1) + -11 + 9?
9
What is (0 - (0 + -8)) + -25 + -1?
-18
Evaluate 17 - (39 - 17) - (-5 + (1 - 1)).
0
What is 7 + -1 - (16 + -1) - 3?
-12
Evaluate 20 - ((19 - -33) + -23).
-9
What is (31 - (7 - 14)) + -1 + (-9 - -4)?
32
Calculate (-27 - 1 - -37) + -24.
-15
Calculate 19 - (-2 - -5 - -5).
11
What is -2 - 4 - (-10 + -4)?
8
What is 5 - 46 - -14 - -18?
-9
What is the value of (40 - 15) + 20 + -21 + (-3 - -1)?
22
What is 1 - ((334 - 320) + (-4 - -2 - 3))?
-8
43 + 37 + -110 + 43
13
Calculate -4 + (-20 + 19 - (4 + -4)) - -6.
1
Calculate 9 + -24 - -11 - (18 - 24).
2
Calculate (-17 + -25 - -10 - -13) + 57.
38
What is (-17 - -1) + (42 - 38) - -13?
1
What is the value of -1 - (-5 + 6 + -5 + 5 + -1)?
-1
What is (19 + 3 + 12 - 19) + 11?
26
What is the value of (-26 - -1) + (217 - 212)?
-20
(-117 - -136) + -10 + -2
7
Calculate (31 - 11 - (6 - -9)) + -39.
-34
What is the value of 8 + (30 - (74 - 13))?
-23
What is (4 - 6) + 8 + (2 - (11 + -5))?
2
What is the value of (2 - (-8 - -3)) + 2 + (-1 - -1)?
9
What is the value of -38 - (-25 + 6) - (-2 + -4)?
-13
Calculate -12 - (19 + (-38 - -1)).
6
What is the value of -4 - (-95 + 45) - 80?
-34
Evaluate -4 + (3 + 3 - 12).
-10
Calculate 11 + (-5 + 6 - 15).
-3
Calculate 2 + -13 + (24 + -14 - 5) + -8.
-14
What is the value of (-103 - -123) + ((-4 - -2) + 3 - 8)?
13
-7 - -6 - ((-6 - -1) + (-7 - 1))
12
7 - (17 + 6 + -8)
-8
What is 9 - (14 + -3 + 10 - 5)?
-7
Evaluate 15 + (-1 - -3) + -6 + (-3 - -7).
15
-2 + -5 - -11 - 6 - 3
-5
Calculate 1 - (1 - (-4 + 1 - (-9 + 11))).
-5
Calculate -13 + -14 + (1 - (12 + -5)).
-33
What is 17 + -4 + -15 + (-18 - (-8 - -7))?
-19
What is the value of 19 + (7 - (138 + -144 - (-2 - -1)))?
31
What is the value of (-19 - -43) + -41 + -11?
-28
What is the value of 3 - (11 + -12 + -4 - -12) - -23?
19
What is the value of 9 - 8 - (-3 - 0) - 9?
-5
What is the value of -13 - ((4 - 1) + -12)?
-4
What is the value of 3 + 2 - (-2 + 5 + -2)?
4
(-723 - -734) + (-1 - -3)
13
0 + (11 - (4 - (-1 + -1)))
5
What is 1 - (-5 - (9 + -15)) - 17?
-17
What is the value of (18 + -46 - 0) + 41?
13
8 + -18 + 6 + 3 + 3
2
12 + -27 - (-2 + 4) - -7
-10
Evaluate -97 + 94 + -9 + 2 + (-1 - 1).
-12
Calculate -15 + 1 + (2 - -1) + -3 + 3.
-11
What is the value of 1 - (-6 - (15 + -9))?
13
What is the value of -6 + 31 + -14 + 1?
12
7 + 2 - ((38 - 12) + -27)
10
What is (-11 - (9 + -19) - (-1 - -22)) + 4?
-18
What is 7 + 10 + (32 - 22)?
27
What is the value of -17 + 63 + -43 + -36 + 2 + 0?
-31
Evaluate 28 + -40 + (20 - 1).
7
-31 + (23 - 10) + 10
-8
Evaluate -16 + 8 + (-1 - (9 - 7)).
-11
What is -10 - (0 + 20 - (-146 - -157))?
-19
What is -17 - (4 + -13 + -22)?
14
Calculate (-5 - 1) + -7 - (5 - 8 - 2).
-8
What is the value of 2 + 13 + -4 + -19?
-8
Calculate -7 + (-10 - -1 - (-38 + 33) - -7).
-4
Evaluate 4 + -31 + 67 + -65.
-25
What is -9 - (-10 + (-31 - -20))?
12
Calculate 5 - 1 - 19 - -16.
1
What is -3 + 4 + -2 - (25 + -26) - 0?
0
What is 8 - (-17 + (-2 - -21))?
6
Calculate -4 + -1 + (4 - (14 + -6)).
-9
Evaluate 4 + 3 + (-6 - ((-22 - -3) + 0)).
20
What is the value of (6 + 8 - 1) + 36 + -55?
-6
Calculate 1 + (25 - 13) + -4.
9
Calculate (1 - -1 - (21 - 24)) + 1 + -3.
3
What is -1 - (-18 + (11 - -1) + -3)?
8
0 + 1 + -4 + (28 - (26 - 3))
2
Evaluate 9 + (7 - 19 - -8).
5
1 - (-15 - -11 - -2 - -10) - -5
-2
32 + -48 + 5 - -23
12
Evaluate (2 - -13) + -7 + 6.
14
What is 2 + 5 + 2 + -9?
0
Calculate (336 - 341) + 18 + -1.
12
-4 + -2 - (-26 + 40) - (18 + -18)
-20
2 + -6 + 4 - 2 - -5
3
Evaluate 0 + -14 - -1 - (-480 + 492).
-25
What is -4 + (-21 - -16) + -2?
-11
Calculate 19 - 7 - ((-13 - -5) + 4).
16
((2 - 13) + 8 - -13) + (-12 - -9)
7
(1 - 6) + (12 - 14 - -5 - 1)
-3
What is the value of 0 + -4 - (677 + -675)?
-6
Evaluate -7 + 5 + 10 + -12.
-4
-24 + 15 + 4 - 2
-7
What is the value of 1 + -7 + 0 + 2 - (139 + -133)?
-10
What is 11 + 6 + -20 + 18?
15
What is the value of (6 - 0) + -18 + 20 + -7?
1
Calculate -14 - (1 + -1) - (-164 + 175).
-25
Evaluate (214 - 216) + (-2 - (0 + -1 + -13)).
10
What is the value of 49 + -3 - (21 + (-2 - 4))?
31
What is the value of (4 - 2) + 90 + -84?
8
Calculate 18 + (4 - 9 - 9).
4
Evaluate 9 + -21 + 18 + -19.
-13
What is (-56 - -40) + 2 + 2 + (-1 - 3)?
-16
(9 - (19 + -1)) + 17
8
What is the value of (-19 - 1) + (-1 - -19 - (-719 + 726))?
-9
What is 36 - 26 - 3 - 22?
-15
Evaluate -186 - -220 - (2 + 0 + 4) - 6.
22
(19 - (1 + -5)) + -60 + 64
27
What is -3 + (2 - 30) + 0 + 6?
-25
Calculate -17 - (-10 + (8 - 1) + 1 - 5).
-